{"id":1469,"date":"2022-01-08T20:51:47","date_gmt":"2022-01-08T20:51:47","guid":{"rendered":"https:\/\/bpstudio.com.co\/?post_type=product&#038;p=1469"},"modified":"2024-06-04T11:20:31","modified_gmt":"2024-06-04T16:20:31","slug":"caja-ecologica-diseno-personalizado-marca-de-ropa","status":"publish","type":"product","link":"https:\/\/bpstudio.com.co\/en\/product\/caja-ecologica-diseno-personalizado-marca-de-ropa\/","title":{"rendered":"Eco Box \u2013 Custom Design for Clothing Brands"},"content":{"rendered":"<p>Cajas en cart\u00f3n ecol\u00f3gico color craft, cartones plegadizos autoarmables, dise\u00f1o personalizado de marca impreso a 1 color negro. Dise\u00f1o interno impreso 1 color negro. Se env\u00edan desplegadas listas para armar una a una.<\/p>\n<p><b><u>Medidas: 20*20*2.5 cm.<\/u><\/b><\/p>\n<p><strong>BENEFICIOS O FUNCIONALIDADES:<\/strong><\/p>\n<ul>\n<li>Empaque ideal para prendas livianas, lencer\u00eda, vestidos de ba\u00f1o, makeup u otros productos.<\/li>\n<li>Dise\u00f1o de empaque personalizado con tu marca<\/li>\n<li>Pedido m\u00ednimo 300 unds. Se entregan desplegadas, ocupan poco espacios<\/li>\n<li>Empaque ECOamigable, funcional para regalos y env\u00edos locales<\/li>\n<li><strong>Experiencia \u00fanica<\/strong> para los seguidores de la marca<\/li>\n<\/ul>","protected":false},"excerpt":{"rendered":"<p><b>CAJA ECOL\u00d3GICA DISE\u00d1O PERSONALIZADO MARCA DE ROPA\u00a0<\/b><\/p>\n<p>Cajas medianas, dise\u00f1o personalizado de marca sobre cart\u00f3n ecol\u00f3gico craft. Ideales para marcas de ropa liviana, camisetas, pa\u00f1oletas, lencer\u00eda entre otros productos proporcionales.\u00a0<u><b>Medidas: 20*20*2.5 cm.<\/b><\/u><\/p>","protected":false},"featured_media":1476,"comment_status":"open","ping_status":"closed","template":"","meta":{"generate_page_header":"","_joinchat":{"message_text":"Hola!!\nComo puedo ayudarte?","message_send":"Hola!! Soy\u2026\nDe la Marca o Proyecto\u2026\nEstamos interesados en\u2026"}},"product_brand":[],"product_cat":[27,23],"product_tag":[],"class_list":{"0":"post-1469","1":"product","2":"type-product","3":"status-publish","4":"has-post-thumbnail","6":"product_cat-empaques-ecoamigables","7":"product_cat-empaques-para-moda-calzado-y-bienestar","8":"sales-flash-overlay","9":"woocommerce-text-align-center","10":"woocommerce-image-align-center","11":"do-quantity-buttons","12":"wc-has-gallery","14":"first","15":"instock","16":"shipping-taxable","17":"purchasable","18":"product-type-variable","19":"has-default-attributes"},"_links":{"self":[{"href":"https:\/\/bpstudio.com.co\/en\/wp-json\/wp\/v2\/product\/1469","targetHints":{"allow":["GET"]}}],"collection":[{"href":"https:\/\/bpstudio.com.co\/en\/wp-json\/wp\/v2\/product"}],"about":[{"href":"https:\/\/bpstudio.com.co\/en\/wp-json\/wp\/v2\/types\/product"}],"replies":[{"embeddable":true,"href":"https:\/\/bpstudio.com.co\/en\/wp-json\/wp\/v2\/comments?post=1469"}],"wp:featuredmedia":[{"embeddable":true,"href":"https:\/\/bpstudio.com.co\/en\/wp-json\/wp\/v2\/media\/1476"}],"wp:attachment":[{"href":"https:\/\/bpstudio.com.co\/en\/wp-json\/wp\/v2\/media?parent=1469"}],"wp:term":[{"taxonomy":"product_brand","embeddable":true,"href":"https:\/\/bpstudio.com.co\/en\/wp-json\/wp\/v2\/product_brand?post=1469"},{"taxonomy":"product_cat","embeddable":true,"href":"https:\/\/bpstudio.com.co\/en\/wp-json\/wp\/v2\/product_cat?post=1469"},{"taxonomy":"product_tag","embeddable":true,"href":"https:\/\/bpstudio.com.co\/en\/wp-json\/wp\/v2\/product_tag?post=1469"}],"curies":[{"name":"wp","href":"https:\/\/api.w.org\/{rel}","templated":true}]}}

<p>Cajas en cartón ecológico color craft, cartones plegadizos autoarmables, diseño personalizado de marca impreso a 1 color negro. Diseño interno impreso 1 color negro. Se envían desplegadas listas para armar una a una.</p>
<p><b><u>Medidas: 20*20*2.5 cm.</u></b></p>
<p><strong>BENEFICIOS O FUNCIONALIDADES:</strong></p>
<ul>
<li>Empaque ideal para prendas livianas, lencería, vestidos de baño, makeup u otros productos.</li>
<li>Diseño de empaque personalizado con tu marca</li>
<li>Pedido mínimo 300 unds. Se entregan desplegadas, ocupan poco espacios</li>
<li>Empaque ECOamigable, funcional para regalos y envíos locales</li>
<li><strong>Experiencia única</strong> para los seguidores de la marca</li>
</ul>

<p><b>CAJA ECOLÓGICA DISEÑO PERSONALIZADO MARCA DE ROPA </b></p>
<p>Cajas medianas, diseño personalizado de marca sobre cartón ecológico craft. Ideales para marcas de ropa liviana, camisetas, pañoletas, lencería entre otros productos proporcionales. <u><b>Medidas: 20*20*2.5 cm.</b></u></p>
