{"id":1495,"date":"2022-01-09T14:33:00","date_gmt":"2022-01-09T14:33:00","guid":{"rendered":"https:\/\/bpstudio.com.co\/?post_type=product&#038;p=1495"},"modified":"2024-06-04T11:19:07","modified_gmt":"2024-06-04T16:19:07","slug":"caja-empaque-principal-de-marca-diseno-personalizado","status":"publish","type":"product","link":"https:\/\/bpstudio.com.co\/en\/product\/caja-empaque-principal-de-marca-diseno-personalizado\/","title":{"rendered":"Primary Brand Packaging Box \u2013 Custom Design"},"content":{"rendered":"<p>Cajas en cart\u00f3n plegable autoarmables, dise\u00f1o 100% personalizado en colores de la marca, textos y datos de contacto. Dise\u00f1o Inter impreso a 1 color. Se env\u00edan desplegadas listas para armar una a una.<\/p>\n<p><b><u>Medidas: 24*24*6 cm.<\/u><\/b><\/p>\n<p><strong>BENEFICIOS O FUNCIONALIDADES:<\/strong><\/p>\n<ul>\n<li>Empaque ideal para prendas livianas, lencer\u00eda, vestidos de ba\u00f1o, makeup u otros productos.<\/li>\n<li>Dise\u00f1o de empaque personalizado con tu marca<\/li>\n<li>Pedido m\u00ednimo 300 unds. Se entregan desplegadas, ocupan poco espacios<\/li>\n<li>Empaque Personalizado, funcional para regalos y env\u00edos locales<\/li>\n<li><strong>Experiencia \u00fanica<\/strong> para los seguidores de la marca<\/li>\n<\/ul>","protected":false},"excerpt":{"rendered":"<p><b>CAJA EMPAQUE PRINCIPAL DE MARCA\u00a0<\/b><\/p>\n<p>Cajas medianas, dise\u00f1o personalizado de marca impreso en colores de la marca. Ideales para ropa, \u00a0vestidos de ba\u00f1o, lencer\u00eda, productos makeup u otros. <u><b>Medidas: 24*24*6 cm.<\/b><\/u><\/p>","protected":false},"featured_media":1501,"comment_status":"open","ping_status":"closed","template":"","meta":{"generate_page_header":"","_joinchat":{"message_text":"Hola!!\nComo puedo ayudarte?","message_send":"Hola!! Soy\u2026\nDe la Marca o Proyecto\u2026\nEstamos interesados en\u2026"}},"product_brand":[],"product_cat":[23],"product_tag":[],"class_list":{"0":"post-1495","1":"product","2":"type-product","3":"status-publish","4":"has-post-thumbnail","6":"product_cat-empaques-para-moda-calzado-y-bienestar","7":"sales-flash-overlay","8":"woocommerce-text-align-center","9":"woocommerce-image-align-center","10":"do-quantity-buttons","11":"wc-has-gallery","13":"first","14":"instock","15":"shipping-taxable","16":"purchasable","17":"product-type-variable","18":"has-default-attributes"},"_links":{"self":[{"href":"https:\/\/bpstudio.com.co\/en\/wp-json\/wp\/v2\/product\/1495","targetHints":{"allow":["GET"]}}],"collection":[{"href":"https:\/\/bpstudio.com.co\/en\/wp-json\/wp\/v2\/product"}],"about":[{"href":"https:\/\/bpstudio.com.co\/en\/wp-json\/wp\/v2\/types\/product"}],"replies":[{"embeddable":true,"href":"https:\/\/bpstudio.com.co\/en\/wp-json\/wp\/v2\/comments?post=1495"}],"wp:featuredmedia":[{"embeddable":true,"href":"https:\/\/bpstudio.com.co\/en\/wp-json\/wp\/v2\/media\/1501"}],"wp:attachment":[{"href":"https:\/\/bpstudio.com.co\/en\/wp-json\/wp\/v2\/media?parent=1495"}],"wp:term":[{"taxonomy":"product_brand","embeddable":true,"href":"https:\/\/bpstudio.com.co\/en\/wp-json\/wp\/v2\/product_brand?post=1495"},{"taxonomy":"product_cat","embeddable":true,"href":"https:\/\/bpstudio.com.co\/en\/wp-json\/wp\/v2\/product_cat?post=1495"},{"taxonomy":"product_tag","embeddable":true,"href":"https:\/\/bpstudio.com.co\/en\/wp-json\/wp\/v2\/product_tag?post=1495"}],"curies":[{"name":"wp","href":"https:\/\/api.w.org\/{rel}","templated":true}]}}

<p>Cajas en cartón plegable autoarmables, diseño 100% personalizado en colores de la marca, textos y datos de contacto. Diseño Inter impreso a 1 color. Se envían desplegadas listas para armar una a una.</p>
<p><b><u>Medidas: 24*24*6 cm.</u></b></p>
<p><strong>BENEFICIOS O FUNCIONALIDADES:</strong></p>
<ul>
<li>Empaque ideal para prendas livianas, lencería, vestidos de baño, makeup u otros productos.</li>
<li>Diseño de empaque personalizado con tu marca</li>
<li>Pedido mínimo 300 unds. Se entregan desplegadas, ocupan poco espacios</li>
<li>Empaque Personalizado, funcional para regalos y envíos locales</li>
<li><strong>Experiencia única</strong> para los seguidores de la marca</li>
</ul>

<p><b>CAJA EMPAQUE PRINCIPAL DE MARCA </b></p>
<p>Cajas medianas, diseño personalizado de marca impreso en colores de la marca. Ideales para ropa,  vestidos de baño, lencería, productos makeup u otros. <u><b>Medidas: 24*24*6 cm.</b></u></p>
